-25
-29 - (0 + 13 + -851 + 827) - -64
46
What is -152 + 117 - ((-5 - -6) + -6 + 1 + -1)?
-30
Calculate 26 - (41 - 7) - -39.
31
What is 421 + -496 + (20 - -9)?
-46
What is the value of -1 - (-4 + -1) - (-6 - (-32 + 6))?
-16
What is 18 - (17 + 2 + 3) - 17?
-21
Calculate 182 + -92 + 81 + -78.
93
What is -4 - (-1 + 0 + -520 + 549)?
-32
What is 5741 - 5761 - (-20 - 0)?
0
What is 20 - ((10 - 19 - -3) + (-1 - (-1 + -4)))?
22
What is the value of (-1 - ((-1 - 15) + 2)) + (-119 - 6 - -11)?
-101
What is -16 - (-195 - -137 - (0 + -9) - 4)?
37
85 + (16 - 82) + 64
83
Calculate (-9 - (-19 + 8 - -10)) + -13 + 14.
-7
What is the value of -2 - (2 - 25) - (-40 + -40 - -42)?
59
Calculate 7 - (-13 + 20 + -56 + -11 - 3).
70
What is the value of 13 + -3 - (4 - ((17 - 4) + -12))?
7
Evaluate -127 - (-98 + (-116 - -191)).
-104
Calculate 6 - (-2 + 3) - (15 + (-6 - -14) + 57).
-75
Calculate 4 + (-59 - (-3 + (11 - 15))) + 11.
-37
What is the value of (9 - (60 + 9)) + 4 - (-4 + 13)?
-65
Evaluate (77 - (20 - -6)) + -111.
-60
What is the value of -1 + 88 + 33 + (-63 - -31) + -3?
85
(1 - -40) + -2745 + 2686
-18
What is -49 - (-60 + -117 + 59)?
69
What is the value of (-8 + -78 - -57) + -2 + 4 + 8 + -4?
-23
(-7 - -22) + (-39 - -19 - 24)
-29
Calculate -109 + 1 + 150 + -69.
-27
What is (-20 - (-350 + 360 - (1 - -12))) + 9?
-8
Calculate -10 - (-7 - ((0 - 5) + (21 - (-4 - -32)))).
-15
Evaluate 4 + (18 - -23) + -45.
0
What is the value of 23801 + -23888 - (-68 + 1)?
-20
Evaluate -45 - ((2 - (-12 + 3)) + -37 + -51 + 66).
-34
-94 + -28 + 260 + -35
103
Evaluate (-27 - -32) + (10 + -14 + -6 - -2 - -51).
48
Calculate -56 - (-108 - -29 - 19).
42
Calculate -9 - (4 - ((-25 - -19) + (-2 - -8)) - -34).
-47
What is -55 - (-2 + -10 + -4 + (3 - 4))?
-38
What is the value of 47 - ((-24 - -17) + 58)?
-4
Calculate -30 + -2 + 51 - (-5 - (-3 - -8)).
29
Evaluate -3 + -7 + (-488 - -526).
28
What is 57 - (71 + (87 - 89))?
-12
Calculate -38 - 15 - (0 + -3).
-50
Evaluate 7 - (2 + -6) - (-69 + 14).
66
What is the value of (-6 - -51) + (279 - 357)?
-33
What is -2 + -41 - (80 + -75) - (1 + 14)?
-63
Evaluate -558 + 559 + -34 + (-9 - -1 - (-3 + -1)).
-37
Evaluate 13 - (-12 - 0 - -23 - 0).
2
Calculate 48 + -35 + -38 + 17.
-8
Calculate (5 - (15 - 4)) + 6 + 12 + 47.
59
203 - (459 + -222) - (-1 + -121)
88
What is the value of (7 - 1) + (-566 - -527) + 22?
-11
What is (12 + -10 - -10) + -60 + 77?
29
What is the value of -6 + -8 - (32 + -25 + -1 + -1)?
-19
What is 4 - (8 + -10 - -10) - (-2 + 12)?
-14
What is 39 + -62 + 28 - ((0 - 5) + 1 - -14)?
-5
What is the value of 2 + -13 + 0 + -27 + -12 + 78?
28
Calculate 104 - ((-33 - -93) + 1).
43
Calculate -61 + (-8 - (10 + -20)) + 17.
-42
-3 + -3 + (360 - 387 - (-1 + -13)) + 70
51
Evaluate -8 + (40 - 20 - 60).
-48
What is the value of 90 - (-23 + 21 + 20 + 1)?
71
What is the value of 0 + 8 - 26 - (-54 + -1)?
37
What is 2950 + -2946 + (62 - -2)?
68
What is the value of (147 - (-168 - -324)) + (-19 - -2)?
-26
-150 + -7 + 72 - 18
-103
Evaluate -3985 + 3981 - (8 + -6 - (1 - 16)).
-21
What is the value of 12 + 16 - (156 + -191)?
63
-8 + 115 + -43 - ((1 - -2) + -12 + 0)
73
What is 69 - 4 - (3 + -4 + -18 + (8 - -16))?
60
-23 - 1 - (10 + 9 + -6 - 0)
-37
What is the value of (-51 - (-1 + 0 + -1)) + (-91 - -105) - -1?
-34
Calculate 30 - (83 - 8 - 9).
-36
What is 0 + 0 - 74 - (-21994 + 21972)?
-52
4 + 2 + -10 - (1 + -1) - (1279 + -1309)
26
Evaluate 71 - (6 + 25 + -6) - 22.
24
What is 49 - (66 + 13) - -29?
-1
What is -3 - -1 - 3 - (44 + (-76 - -65))?
-38
Calculate -112 - -3 - (1076 - 1198).
13
What is the value of 42 + -2 + (21 - 17) + 8 - (32 + -28)?
48
Evaluate 19 + 10 + (-37 - -20) - 89.
-77
Evaluate (7 + -16 - (-23 - -11)) + (-1 - -13 - -7).
22
What is -4 - (6 + -15 - ((-5 - -115) + 4))?
119
-83 + (1 + 19 - (2 + (58 - 51)))
-72
What is -21 - (-77 - -48 - -44)?
-36
What is the value of -11 + (-20 - -1 - (-6 - -7 - 8))?
-23
2 - (-4 + 15) - 39
-48
What is 0 + -4 + 76 + (-4 - (15 + 18))?
35
Calculate -132 + 173 - ((3 - 1) + (-2 - (-4 - -3))).
40
79 + 40 + (-106 - -53)
66
Evaluate 5 - (32 + 5 + 2 + 11).
-45
-4 + ((1 + 1 - 2) + -21 - (-455 - -465))
-35
Calculate 7 + -64 + (-20 - -5).
-72
112 + -66 + 27 + -45
28
Calculate (-7 - (11 - 14)) + (-6 - (-7 - -6)).
-9
(13 + -7 + -1 - (5 - 18)) + 11
29
Evaluate -65 + 0 + (38 + -11 - (27 - 6) - 15).
-74
What is the value of -29 + 54 + -20 + 33 + -36?
2
Evaluate 1 + (1 - -4) + (0 + 13 - (2101 - 2121)).
39
What is 111 - 183 - -110 - -78?
116
19 + -22 + -71 + 35
-39
-1 - 13 - -12 - (1 + 15) - (0 - -2)
-20
What is (-140 + 347 - 239) + (1 - ((0 - -2) + 1))?
-34
What is 6 - (11 + 74 + 10 - (-19 + 36))?
-72
Evaluate -50 + (31 - (-29 + -39)).
49
What is the value of -20 + 53 + (-6 - 2) - 51?
-26
3 + 11 + (2112 - 2119)
7
(-37 - -53 - -19) + (13 - 5)
43
(-12 - (-30 + 28)) + 57 + 83
130
What is -17 + 18 + -16 + -2 + 22?
5
What is 19 + -3 + (-10 - 0 - -3) + (-95 - -106)?
20
What is -68 - 5 - (219 + -275)?
-17
Calculate 7 - (31 - -13) - (-8 + 11).
-40
Evaluate 10 + -10 + -41 + (63 - 8) + 0 + 5.
19
What is the value of 2499 + -2654 - (1 + -83)?
-73
(-24 - (42 + -27) - -25) + -1 + -4
-19
Calculate 19743 - 19758 - (0 + 1 + -14).
-2
Evaluate (208 - 65) + -127 - (67 - 1).
-50
What is 89 - (153 + -70) - (21 + -2 - 0)?
-13
-84 + (-17 - -70) + 12
-19
What is the value of 1 - (14 + 3) - ((5 - -48) + -53)?
-16
What is 3 - (4 + -9) - (-111 + 18) - -12?
113
Evaluate 5 - ((1 - 17 - -8) + 12 + 4) - -59.
56
What is (3 + -18 + 0 - -2) + -1342 + 1316?
-39
What is the value of (-9 - -52) + -1136 + 1020?
-73
Calculate 7 + 5 + -7 - (3 + 1 - -1).
0
-12 + (-80 - (-11 + -4)) + (-6 - (4 - 5))
-82
What is the value of -9 + 46 + -13 + -5 - 32 - (46 - 2)?
-57
(9 - -16) + -10 + -7 + -12
-4
What is 61 + -44 - (11 + 35 - -13)?
-42
Calculate (-15 + 6 - (12 - 23)) + -30 + 3.
-25
What is the value of 48 - (-39 + (68 - -4))?
15
66 + 42 + -5 + -100
3
Evaluate 150 + (-22 - 104) + -11.
13
Calculate -59 - (1 + -1 - (-19 + 3 + (70 - 50))).
-55
Calculate (-21 - -10) + (5 - -23).
17
Evaluate -13 + 0 - (180 - 185).
-8
What is the value of (73 - -20) + -40 + -27?
26
-126 - (-61 + 7 - -22)
-94
What is -1 + 39 + -53 + 62?
47
Calculate -85 - (-17 + (48 - 46)).
-70
What is the value of -18 + (2 - -12) + 12 + (3 - 37)?
-26
What is 48 + 0 + (-8944 - -8851)?
-45
What is the value of -24 - (40 + (12 - 44)) - 32?
-64
Calculate -52 + 46 - (5 + 19 + -9 + -6).
-15
Calculate 2 + -1 + (131 - 214).
-82
Evaluate (52 - 125) + 7 + (5 + 2 - 0).
-59
What is the value of (92 - 15) + 4 + (93 - 104)?
70
Calculate (53 - 24 - -42) + -40.
31
Calculate -4 + 3 + 3 + 16 + -19.
-1
What is the value of -1 - (-206 - -198 - (-28 - 1))?
-22
What is the value of -4661 - -4613 - ((-1 - -2) + -21)?
-28
What is the value of (-572 - -677) + 12 + -150?
-33
What is the value of 2 + -22 + 6 + 124 + -118?
-8
Evaluate -4 - (-7 - -18 - 27 - -14).
-2
(170 - -12) + -183 + (-2 - -1) + (-1 - 12)
-15
What is the value of 18 + -37 + 82 - (-10 + 22)?
51
What is the value of -16 + (-4 - -7) - (-21 + -97 - -24) - 3?
78
Calculate -41 - (26 + -90 + 47).
-24
(-210 + 101 - -275) + -108
58
Calculate -11 + -3 + 0 + (19 - (27 - 0)).
-22
What is (-12 - (-21 + -1)) + (-32 - -140) + -7 + -4?
107
Evaluate -39 + 141 + -98 + (-121 - 6).
-123
What is (108 - 101) + (-2 - (-3 + -2) - -1)?
11
Evaluate 1 - (14 - 2) - (92 - ((10 - -43) + -20)).
-70
Calculate (3878 - 3869) + 1 + 8.
18
Evaluate 20 + -93 + 56 + 10 + -2.
-9
(-63 - 37 - -20 - -66) + (131 - 0)
117
Evaluate -2 - 3 - ((-24 - -52) + -7).
-26
Calculate 10 + 1 - (7 - (-111 - -60)).
-47
What is the value of (-1136 - -1185) + (1 - 50)?
0
What is 2 + 2 + 5 + (-9 - (32 - 13))?
-19
Evaluate 96 + (31 - 50) + -33.
44
What is the value of 16 - (31 - (-7 + -2 + 16)) - (-39 - 0)?
31
What is -6 + (8 + -4 - -3) + 21 - 14?
8
9 + -11 + 2 + 8 + -3 + (9 - -1)
15
What is 134 + -115 + -48 + 6 + 3?
-20
Calculate -9918 - -9930 - (-6 - (-1 - 0 - -2)).
19
What is -9 - (-17 - (-17 + -9 + -22))?
-40
What is 2 - 0 - (-12 - (13 + -4 - (-3 - 12)))?
38
What is (85 - (-37 - -85)) + 89?
126
What is the value of (11 - -1 - 0) + (-1122 - -1145)?
35
-10 - (9 + 1 + -5 - (-24 + 31) - -1)
-9
Evaluate 70 + -19 + 68 + -84.
35
What is the value of 11 + 1 + (-97 - 110) + 189?
-6
Evaluate 12 + -10 + -9 + -17 + (13 - -2) - -48.
39
Evaluate (30 - 1) + 1